{"id":44,"date":"2022-02-24T14:49:38","date_gmt":"2022-02-24T13:49:38","guid":{"rendered":"https:\/\/www.domainesrichard.fr\/chateau-des-tours\/?page_id=44"},"modified":"2025-01-28T10:05:08","modified_gmt":"2025-01-28T09:05:08","slug":"boutique","status":"publish","type":"page","link":"https:\/\/www.domainesrichard.fr\/chateau-des-tours\/boutique\/","title":{"rendered":"Boutique"},"content":{"rendered":"\t\t<div data-elementor-type=\"wp-page\" data-elementor-id=\"44\" class=\"elementor elementor-44\" data-elementor-post-type=\"page\">\n\t\t\t\t\t\t<section class=\"elementor-section elementor-top-section elementor-element elementor-element-48418af elementor-section-boxed elementor-section-height-default elementor-section-height-default qodef-elementor-content-no qodef-elementor-overlay-no\" data-id=\"48418af\" data-element_type=\"section\" data-e-type=\"section\">\n\t\t\t\t\t\t<div class=\"elementor-container elementor-column-gap-default\">\n\t\t\t\t\t<div class=\"elementor-column elementor-col-100 elementor-top-column elementor-element elementor-element-e1743f8\" data-id=\"e1743f8\" data-element_type=\"column\" data-e-type=\"column\">\n\t\t\t<div class=\"elementor-widget-wrap elementor-element-populated\">\n\t\t\t\t\t\t<section class=\"elementor-section elementor-inner-section elementor-element elementor-element-196399b elementor-section-full_width elementor-section-height-default elementor-section-height-default qodef-elementor-content-no qodef-elementor-overlay-no elementor-invisible\" data-id=\"196399b\" data-element_type=\"section\" data-e-type=\"section\" data-settings=\"{&quot;animation&quot;:&quot;fadeIn&quot;,&quot;animation_delay&quot;:300}\">\n\t\t\t\t\t\t<div class=\"elementor-container elementor-column-gap-no\">\n\t\t\t\t\t<div class=\"elementor-column elementor-col-100 elementor-inner-column elementor-element elementor-element-73ff1d8\" data-id=\"73ff1d8\" data-element_type=\"column\" data-e-type=\"column\">\n\t\t\t<div class=\"elementor-widget-wrap elementor-element-populated\">\n\t\t\t\t\t\t<div class=\"elementor-element elementor-element-bf94ce1 elementor-widget elementor-widget-image\" data-id=\"bf94ce1\" data-element_type=\"widget\" data-e-type=\"widget\" data-widget_type=\"image.default\">\n\t\t\t\t<div class=\"elementor-widget-container\">\n\t\t\t\t\t\t\t\t\t\t\t\t\t\t\t<img decoding=\"async\" width=\"300\" height=\"76\" src=\"https:\/\/www.domainesrichard.fr\/chateau-des-tours\/wp-content\/uploads\/sites\/5\/2022\/10\/chateau-des-tours-logo-simple-300x76.png\" class=\"attachment-medium size-medium wp-image-659\" alt=\"Ch\u00e2teau des Tours\" srcset=\"https:\/\/www.domainesrichard.fr\/chateau-des-tours\/wp-content\/uploads\/sites\/5\/2022\/10\/chateau-des-tours-logo-simple-300x76.png 300w, https:\/\/www.domainesrichard.fr\/chateau-des-tours\/wp-content\/uploads\/sites\/5\/2022\/10\/chateau-des-tours-logo-simple.png 500w\" sizes=\"(max-width: 300px) 100vw, 300px\" \/>\t\t\t\t\t\t\t\t\t\t\t\t\t\t\t<\/div>\n\t\t\t\t<\/div>\n\t\t\t\t<div class=\"elementor-element elementor-element-fadbfd8 elementor-widget elementor-widget-heading\" data-id=\"fadbfd8\" data-element_type=\"widget\" data-e-type=\"widget\" data-widget_type=\"heading.default\">\n\t\t\t\t<div class=\"elementor-widget-container\">\n\t\t\t\t\t<h1 class=\"elementor-heading-title elementor-size-default\">Boutique en ligne<\/h1>\t\t\t\t<\/div>\n\t\t\t\t<\/div>\n\t\t\t\t<div class=\"elementor-element elementor-element-bff1420 elementor-widget elementor-widget-shortcode\" data-id=\"bff1420\" data-element_type=\"widget\" data-e-type=\"widget\" data-widget_type=\"shortcode.default\">\n\t\t\t\t<div class=\"elementor-widget-container\">\n\t\t\t\t\t\t\t<div class=\"elementor-shortcode\"><\/div>\n\t\t\t\t\t\t<\/div>\n\t\t\t\t<\/div>\n\t\t\t\t<div class=\"elementor-element elementor-element-d021e14 prices-shipping-info elementor-widget elementor-widget-text-editor\" data-id=\"d021e14\" data-element_type=\"widget\" data-e-type=\"widget\" data-widget_type=\"text-editor.default\">\n\t\t\t\t<div class=\"elementor-widget-container\">\n\t\t\t\t\t\t\t\t\t<p>Livraison en France m\u00e9tropolitaine uniquement (hors Corse)<\/p><p>Commande de 6 bouteilles de 75cl minimum ou 3 bouteilles de 150cl \/ 12 bouteilles de 50cl \/ 12 bouteilles de 37,5cl<br \/>Frais de port (32\u20ac) offerts \u00e0 partir de 250\u20ac d&rsquo;achat.<br \/><em><small>Tarif valable selon les stocks disponibles.<\/small><\/em><\/p>\t\t\t\t\t\t\t\t<\/div>\n\t\t\t\t<\/div>\n\t\t\t\t\t<\/div>\n\t\t<\/div>\n\t\t\t\t\t<\/div>\n\t\t<\/section>\n\t\t\t\t\t<\/div>\n\t\t<\/div>\n\t\t\t\t\t<\/div>\n\t\t<\/section>\n\t\t\t\t<section class=\"elementor-section elementor-top-section elementor-element elementor-element-9d462c2 instagram-container elementor-section-boxed elementor-section-height-default elementor-section-height-default qodef-elementor-content-no qodef-elementor-overlay-no\" data-id=\"9d462c2\" data-element_type=\"section\" data-e-type=\"section\">\n\t\t\t\t\t\t<div class=\"elementor-container elementor-column-gap-default\">\n\t\t\t\t\t<div class=\"elementor-column elementor-col-100 elementor-top-column elementor-element elementor-element-62fc7ea\" data-id=\"62fc7ea\" data-element_type=\"column\" data-e-type=\"column\">\n\t\t\t<div class=\"elementor-widget-wrap elementor-element-populated\">\n\t\t\t\t\t\t<div class=\"elementor-element elementor-element-ab7c5b7 opc-container elementor-widget elementor-widget-text-editor\" data-id=\"ab7c5b7\" data-element_type=\"widget\" data-e-type=\"widget\" data-widget_type=\"text-editor.default\">\n\t\t\t\t<div class=\"elementor-widget-container\">\n\t\t\t\t\t\t\t\t\t<div class=\"wcopc\"><\/div>\t\t\t\t\t\t\t\t<\/div>\n\t\t\t\t<\/div>\n\t\t\t\t\t<\/div>\n\t\t<\/div>\n\t\t\t\t\t<\/div>\n\t\t<\/section>\n\t\t\t\t<section class=\"elementor-section elementor-top-section elementor-element elementor-element-7ac6d38 elementor-section-full_width elementor-section-stretched elementor-section-height-default elementor-section-height-default qodef-elementor-content-no qodef-elementor-overlay-no\" data-id=\"7ac6d38\" data-element_type=\"section\" data-e-type=\"section\" data-settings=\"{&quot;stretch_section&quot;:&quot;section-stretched&quot;}\">\n\t\t\t\t\t\t<div class=\"elementor-container elementor-column-gap-default\">\n\t\t\t\t\t<div class=\"elementor-column elementor-col-100 elementor-top-column elementor-element elementor-element-40f4a99\" data-id=\"40f4a99\" data-element_type=\"column\" data-e-type=\"column\">\n\t\t\t<div class=\"elementor-widget-wrap elementor-element-populated\">\n\t\t\t\t\t\t<div class=\"elementor-element elementor-element-93b5377 elementor-widget elementor-widget-image\" data-id=\"93b5377\" data-element_type=\"widget\" data-e-type=\"widget\" data-widget_type=\"image.default\">\n\t\t\t\t<div class=\"elementor-widget-container\">\n\t\t\t\t\t\t\t\t\t\t\t\t\t\t\t<img decoding=\"async\" width=\"962\" height=\"137\" src=\"https:\/\/www.domainesrichard.fr\/chateau-des-tours\/wp-content\/uploads\/sites\/5\/2022\/05\/bandeau-legal-alcool.png\" class=\"attachment-full size-full wp-image-393\" alt=\"Interdictions de vente de boissons alcooliques aux mineurs de moins de 18 ans\" srcset=\"https:\/\/www.domainesrichard.fr\/chateau-des-tours\/wp-content\/uploads\/sites\/5\/2022\/05\/bandeau-legal-alcool.png 962w, https:\/\/www.domainesrichard.fr\/chateau-des-tours\/wp-content\/uploads\/sites\/5\/2022\/05\/bandeau-legal-alcool-300x43.png 300w, https:\/\/www.domainesrichard.fr\/chateau-des-tours\/wp-content\/uploads\/sites\/5\/2022\/05\/bandeau-legal-alcool-768x109.png 768w, https:\/\/www.domainesrichard.fr\/chateau-des-tours\/wp-content\/uploads\/sites\/5\/2022\/05\/bandeau-legal-alcool-600x85.png 600w\" sizes=\"(max-width: 962px) 100vw, 962px\" \/>\t\t\t\t\t\t\t\t\t\t\t\t\t\t\t<\/div>\n\t\t\t\t<\/div>\n\t\t\t\t\t<\/div>\n\t\t<\/div>\n\t\t\t\t\t<\/div>\n\t\t<\/section>\n\t\t\t\t<\/div>","protected":false},"excerpt":{"rendered":"<p>Boutique en ligne Livraison en France m\u00e9tropolitaine uniquement (hors Corse) Commande de 6 bouteilles de 75cl minimum ou 3 bouteilles de 150cl \/ 12 bouteilles de 50cl \/ 12 bouteilles de 37,5cl Frais de port (32\u20ac) offerts \u00e0 partir de 250\u20ac d&rsquo;achat. Tarif valable selon les stocks disponibles.<\/p>","protected":false},"author":1,"featured_media":0,"parent":0,"menu_order":0,"comment_status":"closed","ping_status":"closed","template":"","meta":{"_acf_changed":false,"footnotes":""},"class_list":["post-44","page","type-page","status-publish","hentry"],"acf":[],"yoast_head":"<!-- This site is optimized with the Yoast SEO plugin v27.5 - https:\/\/yoast.com\/product\/yoast-seo-wordpress\/ -->\n<title>Achetez en ligne les vins de Brouilly du Ch\u00e2teau des Tours<\/title>\n<meta name=\"description\" content=\"Achetez les Brouilly du Ch\u00e2teau des Tours en direct de la propri\u00e9t\u00e9. Des s\u00e9lections parcellaires pour r\u00e9v\u00e9ler nos sols et nos savoir-fraire ancestraux.\" \/>\n<meta name=\"robots\" content=\"index, follow, max-snippet:-1, max-image-preview:large, max-video-preview:-1\" \/>\n<link rel=\"canonical\" href=\"https:\/\/www.domainesrichard.fr\/chateau-des-tours\/boutique\/\" \/>\n<meta property=\"og:locale\" content=\"fr_FR\" \/>\n<meta property=\"og:type\" content=\"article\" \/>\n<meta property=\"og:title\" content=\"Achetez en ligne les vins de Brouilly du Ch\u00e2teau des Tours\" \/>\n<meta property=\"og:description\" content=\"Achetez les Brouilly du Ch\u00e2teau des Tours en direct de la propri\u00e9t\u00e9. Des s\u00e9lections parcellaires pour r\u00e9v\u00e9ler nos sols et nos savoir-fraire ancestraux.\" \/>\n<meta property=\"og:url\" content=\"https:\/\/www.domainesrichard.fr\/chateau-des-tours\/boutique\/\" \/>\n<meta property=\"og:site_name\" content=\"Ch\u00e2teau des Tours\" \/>\n<meta property=\"article:publisher\" content=\"https:\/\/www.facebook.com\/chateaudestoursofficiel\" \/>\n<meta property=\"article:modified_time\" content=\"2025-01-28T09:05:08+00:00\" \/>\n<meta property=\"og:image\" content=\"https:\/\/www.domainesrichard.fr\/chateau-des-tours\/wp-content\/uploads\/sites\/5\/2022\/10\/chateau-des-tours-logo-simple-300x76.png\" \/>\n<meta name=\"twitter:card\" content=\"summary_large_image\" \/>\n<meta name=\"twitter:label1\" content=\"Dur\u00e9e de lecture estim\u00e9e\" \/>\n\t<meta name=\"twitter:data1\" content=\"1 minute\" \/>\n<script type=\"application\/ld+json\" class=\"yoast-schema-graph\">{\"@context\":\"https:\\\/\\\/schema.org\",\"@graph\":[{\"@type\":\"WebPage\",\"@id\":\"https:\\\/\\\/www.domainesrichard.fr\\\/chateau-des-tours\\\/boutique\\\/\",\"url\":\"https:\\\/\\\/www.domainesrichard.fr\\\/chateau-des-tours\\\/boutique\\\/\",\"name\":\"Achetez en ligne les vins de Brouilly du Ch\u00e2teau des Tours\",\"isPartOf\":{\"@id\":\"https:\\\/\\\/www.domainesrichard.fr\\\/chateau-des-tours\\\/#website\"},\"primaryImageOfPage\":{\"@id\":\"https:\\\/\\\/www.domainesrichard.fr\\\/chateau-des-tours\\\/boutique\\\/#primaryimage\"},\"image\":{\"@id\":\"https:\\\/\\\/www.domainesrichard.fr\\\/chateau-des-tours\\\/boutique\\\/#primaryimage\"},\"thumbnailUrl\":\"https:\\\/\\\/www.domainesrichard.fr\\\/chateau-des-tours\\\/wp-content\\\/uploads\\\/sites\\\/5\\\/2022\\\/10\\\/chateau-des-tours-logo-simple-300x76.png\",\"datePublished\":\"2022-02-24T13:49:38+00:00\",\"dateModified\":\"2025-01-28T09:05:08+00:00\",\"description\":\"Achetez les Brouilly du Ch\u00e2teau des Tours en direct de la propri\u00e9t\u00e9. Des s\u00e9lections parcellaires pour r\u00e9v\u00e9ler nos sols et nos savoir-fraire ancestraux.\",\"inLanguage\":\"fr-FR\",\"potentialAction\":[{\"@type\":\"ReadAction\",\"target\":[\"https:\\\/\\\/www.domainesrichard.fr\\\/chateau-des-tours\\\/boutique\\\/\"]}]},{\"@type\":\"ImageObject\",\"inLanguage\":\"fr-FR\",\"@id\":\"https:\\\/\\\/www.domainesrichard.fr\\\/chateau-des-tours\\\/boutique\\\/#primaryimage\",\"url\":\"https:\\\/\\\/www.domainesrichard.fr\\\/chateau-des-tours\\\/wp-content\\\/uploads\\\/sites\\\/5\\\/2022\\\/10\\\/chateau-des-tours-logo-simple.png\",\"contentUrl\":\"https:\\\/\\\/www.domainesrichard.fr\\\/chateau-des-tours\\\/wp-content\\\/uploads\\\/sites\\\/5\\\/2022\\\/10\\\/chateau-des-tours-logo-simple.png\",\"width\":500,\"height\":127,\"caption\":\"Ch\u00e2teau des Tours\"},{\"@type\":\"WebSite\",\"@id\":\"https:\\\/\\\/www.domainesrichard.fr\\\/chateau-des-tours\\\/#website\",\"url\":\"https:\\\/\\\/www.domainesrichard.fr\\\/chateau-des-tours\\\/\",\"name\":\"Ch\u00e2teau des Tours\",\"description\":\"Grand terroir de Brouilly\",\"publisher\":{\"@id\":\"https:\\\/\\\/www.domainesrichard.fr\\\/chateau-des-tours\\\/#organization\"},\"potentialAction\":[{\"@type\":\"SearchAction\",\"target\":{\"@type\":\"EntryPoint\",\"urlTemplate\":\"https:\\\/\\\/www.domainesrichard.fr\\\/chateau-des-tours\\\/?s={search_term_string}\"},\"query-input\":{\"@type\":\"PropertyValueSpecification\",\"valueRequired\":true,\"valueName\":\"search_term_string\"}}],\"inLanguage\":\"fr-FR\"},{\"@type\":\"Organization\",\"@id\":\"https:\\\/\\\/www.domainesrichard.fr\\\/chateau-des-tours\\\/#organization\",\"name\":\"Ch\u00e2teau des Tours\",\"url\":\"https:\\\/\\\/www.domainesrichard.fr\\\/chateau-des-tours\\\/\",\"logo\":{\"@type\":\"ImageObject\",\"inLanguage\":\"fr-FR\",\"@id\":\"https:\\\/\\\/www.domainesrichard.fr\\\/chateau-des-tours\\\/#\\\/schema\\\/logo\\\/image\\\/\",\"url\":\"https:\\\/\\\/www.domainesrichard.fr\\\/chateau-des-tours\\\/wp-content\\\/uploads\\\/sites\\\/5\\\/2022\\\/02\\\/chateau-des-tours-logo.png\",\"contentUrl\":\"https:\\\/\\\/www.domainesrichard.fr\\\/chateau-des-tours\\\/wp-content\\\/uploads\\\/sites\\\/5\\\/2022\\\/02\\\/chateau-des-tours-logo.png\",\"width\":600,\"height\":299,\"caption\":\"Ch\u00e2teau des Tours\"},\"image\":{\"@id\":\"https:\\\/\\\/www.domainesrichard.fr\\\/chateau-des-tours\\\/#\\\/schema\\\/logo\\\/image\\\/\"},\"sameAs\":[\"https:\\\/\\\/www.facebook.com\\\/chateaudestoursofficiel\",\"https:\\\/\\\/www.instagram.com\\\/chateaudestoursbrouilly\\\/\",\"https:\\\/\\\/www.linkedin.com\\\/company\\\/domaines-richard\"]}]}<\/script>\n<!-- \/ Yoast SEO plugin. -->","yoast_head_json":{"title":"Achetez en ligne les vins de Brouilly du Ch\u00e2teau des Tours","description":"Achetez les Brouilly du Ch\u00e2teau des Tours en direct de la propri\u00e9t\u00e9. Des s\u00e9lections parcellaires pour r\u00e9v\u00e9ler nos sols et nos savoir-fraire ancestraux.","robots":{"index":"index","follow":"follow","max-snippet":"max-snippet:-1","max-image-preview":"max-image-preview:large","max-video-preview":"max-video-preview:-1"},"canonical":"https:\/\/www.domainesrichard.fr\/chateau-des-tours\/boutique\/","og_locale":"fr_FR","og_type":"article","og_title":"Achetez en ligne les vins de Brouilly du Ch\u00e2teau des Tours","og_description":"Achetez les Brouilly du Ch\u00e2teau des Tours en direct de la propri\u00e9t\u00e9. Des s\u00e9lections parcellaires pour r\u00e9v\u00e9ler nos sols et nos savoir-fraire ancestraux.","og_url":"https:\/\/www.domainesrichard.fr\/chateau-des-tours\/boutique\/","og_site_name":"Ch\u00e2teau des Tours","article_publisher":"https:\/\/www.facebook.com\/chateaudestoursofficiel","article_modified_time":"2025-01-28T09:05:08+00:00","og_image":[{"url":"https:\/\/www.domainesrichard.fr\/chateau-des-tours\/wp-content\/uploads\/sites\/5\/2022\/10\/chateau-des-tours-logo-simple-300x76.png","type":"","width":"","height":""}],"twitter_card":"summary_large_image","twitter_misc":{"Dur\u00e9e de lecture estim\u00e9e":"1 minute"},"schema":{"@context":"https:\/\/schema.org","@graph":[{"@type":"WebPage","@id":"https:\/\/www.domainesrichard.fr\/chateau-des-tours\/boutique\/","url":"https:\/\/www.domainesrichard.fr\/chateau-des-tours\/boutique\/","name":"Achetez en ligne les vins de Brouilly du Ch\u00e2teau des Tours","isPartOf":{"@id":"https:\/\/www.domainesrichard.fr\/chateau-des-tours\/#website"},"primaryImageOfPage":{"@id":"https:\/\/www.domainesrichard.fr\/chateau-des-tours\/boutique\/#primaryimage"},"image":{"@id":"https:\/\/www.domainesrichard.fr\/chateau-des-tours\/boutique\/#primaryimage"},"thumbnailUrl":"https:\/\/www.domainesrichard.fr\/chateau-des-tours\/wp-content\/uploads\/sites\/5\/2022\/10\/chateau-des-tours-logo-simple-300x76.png","datePublished":"2022-02-24T13:49:38+00:00","dateModified":"2025-01-28T09:05:08+00:00","description":"Achetez les Brouilly du Ch\u00e2teau des Tours en direct de la propri\u00e9t\u00e9. Des s\u00e9lections parcellaires pour r\u00e9v\u00e9ler nos sols et nos savoir-fraire ancestraux.","inLanguage":"fr-FR","potentialAction":[{"@type":"ReadAction","target":["https:\/\/www.domainesrichard.fr\/chateau-des-tours\/boutique\/"]}]},{"@type":"ImageObject","inLanguage":"fr-FR","@id":"https:\/\/www.domainesrichard.fr\/chateau-des-tours\/boutique\/#primaryimage","url":"https:\/\/www.domainesrichard.fr\/chateau-des-tours\/wp-content\/uploads\/sites\/5\/2022\/10\/chateau-des-tours-logo-simple.png","contentUrl":"https:\/\/www.domainesrichard.fr\/chateau-des-tours\/wp-content\/uploads\/sites\/5\/2022\/10\/chateau-des-tours-logo-simple.png","width":500,"height":127,"caption":"Ch\u00e2teau des Tours"},{"@type":"WebSite","@id":"https:\/\/www.domainesrichard.fr\/chateau-des-tours\/#website","url":"https:\/\/www.domainesrichard.fr\/chateau-des-tours\/","name":"Ch\u00e2teau des Tours","description":"Grand terroir de Brouilly","publisher":{"@id":"https:\/\/www.domainesrichard.fr\/chateau-des-tours\/#organization"},"potentialAction":[{"@type":"SearchAction","target":{"@type":"EntryPoint","urlTemplate":"https:\/\/www.domainesrichard.fr\/chateau-des-tours\/?s={search_term_string}"},"query-input":{"@type":"PropertyValueSpecification","valueRequired":true,"valueName":"search_term_string"}}],"inLanguage":"fr-FR"},{"@type":"Organization","@id":"https:\/\/www.domainesrichard.fr\/chateau-des-tours\/#organization","name":"Ch\u00e2teau des Tours","url":"https:\/\/www.domainesrichard.fr\/chateau-des-tours\/","logo":{"@type":"ImageObject","inLanguage":"fr-FR","@id":"https:\/\/www.domainesrichard.fr\/chateau-des-tours\/#\/schema\/logo\/image\/","url":"https:\/\/www.domainesrichard.fr\/chateau-des-tours\/wp-content\/uploads\/sites\/5\/2022\/02\/chateau-des-tours-logo.png","contentUrl":"https:\/\/www.domainesrichard.fr\/chateau-des-tours\/wp-content\/uploads\/sites\/5\/2022\/02\/chateau-des-tours-logo.png","width":600,"height":299,"caption":"Ch\u00e2teau des Tours"},"image":{"@id":"https:\/\/www.domainesrichard.fr\/chateau-des-tours\/#\/schema\/logo\/image\/"},"sameAs":["https:\/\/www.facebook.com\/chateaudestoursofficiel","https:\/\/www.instagram.com\/chateaudestoursbrouilly\/","https:\/\/www.linkedin.com\/company\/domaines-richard"]}]}},"_links":{"self":[{"href":"https:\/\/www.domainesrichard.fr\/chateau-des-tours\/wp-json\/wp\/v2\/pages\/44","targetHints":{"allow":["GET"]}}],"collection":[{"href":"https:\/\/www.domainesrichard.fr\/chateau-des-tours\/wp-json\/wp\/v2\/pages"}],"about":[{"href":"https:\/\/www.domainesrichard.fr\/chateau-des-tours\/wp-json\/wp\/v2\/types\/page"}],"author":[{"embeddable":true,"href":"https:\/\/www.domainesrichard.fr\/chateau-des-tours\/wp-json\/wp\/v2\/users\/1"}],"replies":[{"embeddable":true,"href":"https:\/\/www.domainesrichard.fr\/chateau-des-tours\/wp-json\/wp\/v2\/comments?post=44"}],"version-history":[{"count":10,"href":"https:\/\/www.domainesrichard.fr\/chateau-des-tours\/wp-json\/wp\/v2\/pages\/44\/revisions"}],"predecessor-version":[{"id":1140,"href":"https:\/\/www.domainesrichard.fr\/chateau-des-tours\/wp-json\/wp\/v2\/pages\/44\/revisions\/1140"}],"wp:attachment":[{"href":"https:\/\/www.domainesrichard.fr\/chateau-des-tours\/wp-json\/wp\/v2\/media?parent=44"}],"curies":[{"name":"wp","href":"https:\/\/api.w.org\/{rel}","templated":true}]}}