{"id":111,"date":"2022-04-26T10:43:38","date_gmt":"2022-04-26T08:43:38","guid":{"rendered":"https:\/\/www.domainesrichard.fr\/chateau-victoria\/produit\/la-croix-de-victoria-2\/"},"modified":"2022-05-20T14:55:43","modified_gmt":"2022-05-20T12:55:43","slug":"la-croix-de-victoria-2016","status":"publish","type":"product","link":"https:\/\/www.domainesrichard.fr\/chateau-victoria\/vin\/la-croix-de-victoria-2016\/","title":{"rendered":"La Croix de Victoria <span class='vintage the_title'>2016<\/span>"},"content":{"rendered":"<p>Au milieu des vignes, c\u2019est l\u00e0 que se trouve la croix de Victoria sur\u00e9lev\u00e9e par des pierres \u00e0 200 m\u00e8tres du ch\u00e2teau. Vieille de seulement quelques ann\u00e9es, cette cuv\u00e9e na\u00eet de la rencontre entre le merlot, le cabernet sauvignon et le petit verdot. \u00c0 consommer avec mod\u00e9ration sur des viandes grill\u00e9es\u00a0!<\/p>","protected":false},"excerpt":{"rendered":"<p>Au milieu des vignes, c\u2019est l\u00e0 que se trouve la croix de Victoria sur\u00e9lev\u00e9e par des pierres \u00e0 200 m\u00e8tres du ch\u00e2teau. Vieille de seulement quelques ann\u00e9es, cette cuv\u00e9e na\u00eet de la rencontre entre le merlot, le cabernet sauvignon et le petit verdot. \u00c0 consommer avec mod\u00e9ration sur des viandes grill\u00e9es\u00a0!<\/p>","protected":false},"featured_media":31,"template":"","meta":{"_acf_changed":false},"product_brand":[],"product_cat":[43],"product_tag":[],"class_list":{"0":"post-111","1":"product","2":"type-product","3":"status-publish","4":"has-post-thumbnail","6":"product_cat-la-croix-de-victoria","8":"first","9":"instock","10":"taxable","11":"shipping-taxable","12":"purchasable","13":"product-type-simple"},"acf":[],"yoast_head":"<!-- This site is optimized with the Yoast SEO plugin v27.0 - https:\/\/yoast.com\/product\/yoast-seo-wordpress\/ -->\n<title>Ch\u00e2teau Victoria Haut-M\u00e9doc La Croix de Victoria 2016<\/title>\n<meta name=\"description\" content=\"Ch\u00e2teau Victoria Haut-M\u00e9doc La Croix de Victoria 2016 est un vin de plaisir imm\u00e9diat, d\u00e9licieusement fruit\u00e9. \u00c0 consommer sur des viandes grill\u00e9es !\" \/>\n<meta name=\"robots\" content=\"index, follow, max-snippet:-1, max-image-preview:large, max-video-preview:-1\" \/>\n<link rel=\"canonical\" href=\"https:\/\/www.domainesrichard.fr\/chateau-victoria\/vin\/la-croix-de-victoria-2016\/\" \/>\n<meta property=\"og:locale\" content=\"fr_FR\" \/>\n<meta property=\"og:type\" content=\"article\" \/>\n<meta property=\"og:title\" content=\"Ch\u00e2teau Victoria Haut-M\u00e9doc La Croix de Victoria 2016\" \/>\n<meta property=\"og:description\" content=\"Ch\u00e2teau Victoria Haut-M\u00e9doc La Croix de Victoria 2016 est un vin de plaisir imm\u00e9diat, d\u00e9licieusement fruit\u00e9. \u00c0 consommer sur des viandes grill\u00e9es !\" \/>\n<meta property=\"og:url\" content=\"https:\/\/www.domainesrichard.fr\/chateau-victoria\/vin\/la-croix-de-victoria-2016\/\" \/>\n<meta property=\"og:site_name\" content=\"Ch\u00e2teau Victoria\" \/>\n<meta property=\"article:publisher\" content=\"https:\/\/www.facebook.com\/domainesrichard\" \/>\n<meta property=\"article:modified_time\" content=\"2022-05-20T12:55:43+00:00\" \/>\n<meta property=\"og:image\" content=\"https:\/\/www.domainesrichard.fr\/chateau-victoria\/wp-content\/uploads\/sites\/7\/2022\/04\/CROIX-DE-VICTPRIA-3.jpg\" \/>\n\t<meta property=\"og:image:width\" content=\"430\" \/>\n\t<meta property=\"og:image:height\" content=\"600\" \/>\n\t<meta property=\"og:image:type\" content=\"image\/jpeg\" \/>\n<meta name=\"twitter:card\" content=\"summary_large_image\" \/>\n<script type=\"application\/ld+json\" class=\"yoast-schema-graph\">{\"@context\":\"https:\/\/schema.org\",\"@graph\":[{\"@type\":\"WebPage\",\"@id\":\"https:\/\/www.domainesrichard.fr\/chateau-victoria\/vin\/la-croix-de-victoria-2016\/\",\"url\":\"https:\/\/www.domainesrichard.fr\/chateau-victoria\/vin\/la-croix-de-victoria-2016\/\",\"name\":\"Ch\u00e2teau Victoria Haut-M\u00e9doc La Croix de Victoria 2016\",\"isPartOf\":{\"@id\":\"https:\/\/www.domainesrichard.fr\/chateau-victoria\/#website\"},\"primaryImageOfPage\":{\"@id\":\"https:\/\/www.domainesrichard.fr\/chateau-victoria\/vin\/la-croix-de-victoria-2016\/#primaryimage\"},\"image\":{\"@id\":\"https:\/\/www.domainesrichard.fr\/chateau-victoria\/vin\/la-croix-de-victoria-2016\/#primaryimage\"},\"thumbnailUrl\":\"https:\/\/www.domainesrichard.fr\/chateau-victoria\/wp-content\/uploads\/sites\/7\/2022\/04\/CROIX-DE-VICTPRIA-3.jpg\",\"datePublished\":\"2022-04-26T08:43:38+00:00\",\"dateModified\":\"2022-05-20T12:55:43+00:00\",\"description\":\"Ch\u00e2teau Victoria Haut-M\u00e9doc La Croix de Victoria 2016 est un vin de plaisir imm\u00e9diat, d\u00e9licieusement fruit\u00e9. \u00c0 consommer sur des viandes grill\u00e9es !\",\"breadcrumb\":{\"@id\":\"https:\/\/www.domainesrichard.fr\/chateau-victoria\/vin\/la-croix-de-victoria-2016\/#breadcrumb\"},\"inLanguage\":\"fr-FR\",\"potentialAction\":[{\"@type\":\"ReadAction\",\"target\":[\"https:\/\/www.domainesrichard.fr\/chateau-victoria\/vin\/la-croix-de-victoria-2016\/\"]}]},{\"@type\":\"ImageObject\",\"inLanguage\":\"fr-FR\",\"@id\":\"https:\/\/www.domainesrichard.fr\/chateau-victoria\/vin\/la-croix-de-victoria-2016\/#primaryimage\",\"url\":\"https:\/\/www.domainesrichard.fr\/chateau-victoria\/wp-content\/uploads\/sites\/7\/2022\/04\/CROIX-DE-VICTPRIA-3.jpg\",\"contentUrl\":\"https:\/\/www.domainesrichard.fr\/chateau-victoria\/wp-content\/uploads\/sites\/7\/2022\/04\/CROIX-DE-VICTPRIA-3.jpg\",\"width\":430,\"height\":600,\"caption\":\"Croix de Victoria\"},{\"@type\":\"BreadcrumbList\",\"@id\":\"https:\/\/www.domainesrichard.fr\/chateau-victoria\/vin\/la-croix-de-victoria-2016\/#breadcrumb\",\"itemListElement\":[{\"@type\":\"ListItem\",\"position\":1,\"name\":\"Vins\",\"item\":\"https:\/\/www.domainesrichard.fr\/chateau-victoria\/vins\/\"},{\"@type\":\"ListItem\",\"position\":2,\"name\":\"La Croix de Victoria 2016\"}]},{\"@type\":\"WebSite\",\"@id\":\"https:\/\/www.domainesrichard.fr\/chateau-victoria\/#website\",\"url\":\"https:\/\/www.domainesrichard.fr\/chateau-victoria\/\",\"name\":\"Ch\u00e2teau Victoria\",\"description\":\"Un haut m\u00e9doc confidentiel\",\"publisher\":{\"@id\":\"https:\/\/www.domainesrichard.fr\/chateau-victoria\/#organization\"},\"potentialAction\":[{\"@type\":\"SearchAction\",\"target\":{\"@type\":\"EntryPoint\",\"urlTemplate\":\"https:\/\/www.domainesrichard.fr\/chateau-victoria\/?s={search_term_string}\"},\"query-input\":{\"@type\":\"PropertyValueSpecification\",\"valueRequired\":true,\"valueName\":\"search_term_string\"}}],\"inLanguage\":\"fr-FR\"},{\"@type\":\"Organization\",\"@id\":\"https:\/\/www.domainesrichard.fr\/chateau-victoria\/#organization\",\"name\":\"Ch\u00e2teau Victoria\",\"url\":\"https:\/\/www.domainesrichard.fr\/chateau-victoria\/\",\"logo\":{\"@type\":\"ImageObject\",\"inLanguage\":\"fr-FR\",\"@id\":\"https:\/\/www.domainesrichard.fr\/chateau-victoria\/#\/schema\/logo\/image\/\",\"url\":\"https:\/\/www.domainesrichard.fr\/chateau-victoria\/wp-content\/uploads\/sites\/7\/2022\/03\/Chateau-Victoria-logo.png\",\"contentUrl\":\"https:\/\/www.domainesrichard.fr\/chateau-victoria\/wp-content\/uploads\/sites\/7\/2022\/03\/Chateau-Victoria-logo.png\",\"width\":600,\"height\":365,\"caption\":\"Ch\u00e2teau Victoria\"},\"image\":{\"@id\":\"https:\/\/www.domainesrichard.fr\/chateau-victoria\/#\/schema\/logo\/image\/\"},\"sameAs\":[\"https:\/\/www.facebook.com\/domainesrichard\",\"https:\/\/www.instagram.com\/domainesrichard\",\"https:\/\/www.linkedin.com\/company\/domaines-richard\"]}]}<\/script>\n<!-- \/ Yoast SEO plugin. -->","yoast_head_json":{"title":"Ch\u00e2teau Victoria Haut-M\u00e9doc La Croix de Victoria 2016","description":"Ch\u00e2teau Victoria Haut-M\u00e9doc La Croix de Victoria 2016 est un vin de plaisir imm\u00e9diat, d\u00e9licieusement fruit\u00e9. \u00c0 consommer sur des viandes grill\u00e9es !","robots":{"index":"index","follow":"follow","max-snippet":"max-snippet:-1","max-image-preview":"max-image-preview:large","max-video-preview":"max-video-preview:-1"},"canonical":"https:\/\/www.domainesrichard.fr\/chateau-victoria\/vin\/la-croix-de-victoria-2016\/","og_locale":"fr_FR","og_type":"article","og_title":"Ch\u00e2teau Victoria Haut-M\u00e9doc La Croix de Victoria 2016","og_description":"Ch\u00e2teau Victoria Haut-M\u00e9doc La Croix de Victoria 2016 est un vin de plaisir imm\u00e9diat, d\u00e9licieusement fruit\u00e9. \u00c0 consommer sur des viandes grill\u00e9es !","og_url":"https:\/\/www.domainesrichard.fr\/chateau-victoria\/vin\/la-croix-de-victoria-2016\/","og_site_name":"Ch\u00e2teau Victoria","article_publisher":"https:\/\/www.facebook.com\/domainesrichard","article_modified_time":"2022-05-20T12:55:43+00:00","og_image":[{"width":430,"height":600,"url":"https:\/\/www.domainesrichard.fr\/chateau-victoria\/wp-content\/uploads\/sites\/7\/2022\/04\/CROIX-DE-VICTPRIA-3.jpg","type":"image\/jpeg"}],"twitter_card":"summary_large_image","schema":{"@context":"https:\/\/schema.org","@graph":[{"@type":"WebPage","@id":"https:\/\/www.domainesrichard.fr\/chateau-victoria\/vin\/la-croix-de-victoria-2016\/","url":"https:\/\/www.domainesrichard.fr\/chateau-victoria\/vin\/la-croix-de-victoria-2016\/","name":"Ch\u00e2teau Victoria Haut-M\u00e9doc La Croix de Victoria 2016","isPartOf":{"@id":"https:\/\/www.domainesrichard.fr\/chateau-victoria\/#website"},"primaryImageOfPage":{"@id":"https:\/\/www.domainesrichard.fr\/chateau-victoria\/vin\/la-croix-de-victoria-2016\/#primaryimage"},"image":{"@id":"https:\/\/www.domainesrichard.fr\/chateau-victoria\/vin\/la-croix-de-victoria-2016\/#primaryimage"},"thumbnailUrl":"https:\/\/www.domainesrichard.fr\/chateau-victoria\/wp-content\/uploads\/sites\/7\/2022\/04\/CROIX-DE-VICTPRIA-3.jpg","datePublished":"2022-04-26T08:43:38+00:00","dateModified":"2022-05-20T12:55:43+00:00","description":"Ch\u00e2teau Victoria Haut-M\u00e9doc La Croix de Victoria 2016 est un vin de plaisir imm\u00e9diat, d\u00e9licieusement fruit\u00e9. \u00c0 consommer sur des viandes grill\u00e9es !","breadcrumb":{"@id":"https:\/\/www.domainesrichard.fr\/chateau-victoria\/vin\/la-croix-de-victoria-2016\/#breadcrumb"},"inLanguage":"fr-FR","potentialAction":[{"@type":"ReadAction","target":["https:\/\/www.domainesrichard.fr\/chateau-victoria\/vin\/la-croix-de-victoria-2016\/"]}]},{"@type":"ImageObject","inLanguage":"fr-FR","@id":"https:\/\/www.domainesrichard.fr\/chateau-victoria\/vin\/la-croix-de-victoria-2016\/#primaryimage","url":"https:\/\/www.domainesrichard.fr\/chateau-victoria\/wp-content\/uploads\/sites\/7\/2022\/04\/CROIX-DE-VICTPRIA-3.jpg","contentUrl":"https:\/\/www.domainesrichard.fr\/chateau-victoria\/wp-content\/uploads\/sites\/7\/2022\/04\/CROIX-DE-VICTPRIA-3.jpg","width":430,"height":600,"caption":"Croix de Victoria"},{"@type":"BreadcrumbList","@id":"https:\/\/www.domainesrichard.fr\/chateau-victoria\/vin\/la-croix-de-victoria-2016\/#breadcrumb","itemListElement":[{"@type":"ListItem","position":1,"name":"Vins","item":"https:\/\/www.domainesrichard.fr\/chateau-victoria\/vins\/"},{"@type":"ListItem","position":2,"name":"La Croix de Victoria 2016"}]},{"@type":"WebSite","@id":"https:\/\/www.domainesrichard.fr\/chateau-victoria\/#website","url":"https:\/\/www.domainesrichard.fr\/chateau-victoria\/","name":"Ch\u00e2teau Victoria","description":"Un haut m\u00e9doc confidentiel","publisher":{"@id":"https:\/\/www.domainesrichard.fr\/chateau-victoria\/#organization"},"potentialAction":[{"@type":"SearchAction","target":{"@type":"EntryPoint","urlTemplate":"https:\/\/www.domainesrichard.fr\/chateau-victoria\/?s={search_term_string}"},"query-input":{"@type":"PropertyValueSpecification","valueRequired":true,"valueName":"search_term_string"}}],"inLanguage":"fr-FR"},{"@type":"Organization","@id":"https:\/\/www.domainesrichard.fr\/chateau-victoria\/#organization","name":"Ch\u00e2teau Victoria","url":"https:\/\/www.domainesrichard.fr\/chateau-victoria\/","logo":{"@type":"ImageObject","inLanguage":"fr-FR","@id":"https:\/\/www.domainesrichard.fr\/chateau-victoria\/#\/schema\/logo\/image\/","url":"https:\/\/www.domainesrichard.fr\/chateau-victoria\/wp-content\/uploads\/sites\/7\/2022\/03\/Chateau-Victoria-logo.png","contentUrl":"https:\/\/www.domainesrichard.fr\/chateau-victoria\/wp-content\/uploads\/sites\/7\/2022\/03\/Chateau-Victoria-logo.png","width":600,"height":365,"caption":"Ch\u00e2teau Victoria"},"image":{"@id":"https:\/\/www.domainesrichard.fr\/chateau-victoria\/#\/schema\/logo\/image\/"},"sameAs":["https:\/\/www.facebook.com\/domainesrichard","https:\/\/www.instagram.com\/domainesrichard","https:\/\/www.linkedin.com\/company\/domaines-richard"]}]}},"_links":{"self":[{"href":"https:\/\/www.domainesrichard.fr\/chateau-victoria\/wp-json\/wp\/v2\/product\/111","targetHints":{"allow":["GET"]}}],"collection":[{"href":"https:\/\/www.domainesrichard.fr\/chateau-victoria\/wp-json\/wp\/v2\/product"}],"about":[{"href":"https:\/\/www.domainesrichard.fr\/chateau-victoria\/wp-json\/wp\/v2\/types\/product"}],"wp:featuredmedia":[{"embeddable":true,"href":"https:\/\/www.domainesrichard.fr\/chateau-victoria\/wp-json\/wp\/v2\/media\/31"}],"wp:attachment":[{"href":"https:\/\/www.domainesrichard.fr\/chateau-victoria\/wp-json\/wp\/v2\/media?parent=111"}],"wp:term":[{"taxonomy":"product_brand","embeddable":true,"href":"https:\/\/www.domainesrichard.fr\/chateau-victoria\/wp-json\/wp\/v2\/product_brand?post=111"},{"taxonomy":"product_cat","embeddable":true,"href":"https:\/\/www.domainesrichard.fr\/chateau-victoria\/wp-json\/wp\/v2\/product_cat?post=111"},{"taxonomy":"product_tag","embeddable":true,"href":"https:\/\/www.domainesrichard.fr\/chateau-victoria\/wp-json\/wp\/v2\/product_tag?post=111"}],"curies":[{"name":"wp","href":"https:\/\/api.w.org\/{rel}","templated":true}]}}